t is the remainder when q is divided by 15?
5
Suppose 4*o - 56 = 2*l, -3*o + 34 = -3*l - 11. What is the remainder when 18 is divided by o?
5
Suppose 4*x - 86 = 50. What is the remainder when 67 is divided by x?
33
Suppose -24 = -2*o + 15*g - 17*g, 60 = 3*o - 5*g. Calculate the remainder when 190 is divided by o.
10
Let h(y) = 2*y**3 + 14*y**2 + 9. Let r(f) = 3*f**3 + 15*f**2 - f + 9. Let n(t) = 4*h(t) - 3*r(t). Calculate the remainder when n(11) is divided by 15.
12
Suppose -2*v + 21274 = 8*s, v + 5 = 2*v. Calculate the remainder when s is divided by 14.
12
Let f = -185 + 213. Calculate the remainder when 106 is divided by f.
22
Suppose 5*l = 9*l - 92. Let b = -268 - -473. Suppose 2*v = -5*d + b, -d - d = -v - 91. Calculate the remainder when d is divided by l.
20
Let a = 16 - 14. Suppose 102 = a*f + 4*f. Calculate the remainder when 32 is divided by f.
15
Let y(d) = 36*d - 105. Calculate the remainder when y(6) is divided by 23.
19
Suppose -13*t + 1918 = 202. What is the remainder when t is divided by 35?
27
Suppose -2*j - 2*j = -28. Let y(q) = q**3 - 7*q**2 + q - 7. Let v be y(j). Suppose v = -3*u + 2 + 46. Calculate the remainder when 46 is divided by u.
14
Let g = 10 + -11. Let a(o) = -10*o**3 + o**2. Let r be a(g). Let v = r - 5. What is the remainder when 17 is divided by v?
5
Suppose 7*n - 243 = -2*n. Calculate the remainder when 157 is divided by n.
22
Suppose 0*l + 52 = 4*l. Suppose 9*m = -27*m + 1800. What is the remainder when m is divided by l?
11
Suppose 0 = 2*o - 3*o - 2. Let i = 5 + o. Suppose -5*a = -i*a - 16. What is the remainder when 14 is divided by a?
6
Let i(p) = p**2 + 8*p + 2. Let v be i(-8). Let y(g) = -g**3 - 7*g**2 - 11*g + 2. Calculate the remainder when v/8 - (-198)/8 is divided by y(-5).
4
Suppose -4*o + 161 = 7*d - 2*d, 0 = 5*o + 5*d - 200. What is the remainder when o is divided by 11?
6
Calculate the remainder when 139 is divided by 35 + 1 + (1 - 1).
31
Suppose 0 = 5*d - 8*d + 375. Let z = d - 49. Calculate the remainder when z is divided by 11.
10
Let n(h) = 8*h - 59. Calculate the remainder when 180 is divided by n(12).
32
What is the remainder when 45 is divided by (115/345)/(394/(-198) - -2)?
12
Let x = -1361 - -1379. What is the remainder when 140 is divided by x?
14
What is the remainder when 29 is divided by 11 + (10/(-4))/((-2)/(-4))?
5
Calculate the remainder when 2 - (-72 + (-10)/(6 + -11)) is divided by 39.
33
Calculate the remainder when 110 is divided by (-2*(-4)/(-20))/((-2)/95).
15
Let z(b) = -b + 11. What is the remainder when 556 is divided by z(2)?
7
Let i(w) = w**2 - 9*w - 24. Suppose 170 = 13*o - 3*o. What is the remainder when i(o) is divided by 38?
36
Let h(l) = l**3 + 22 - 2*l**2 - 5*l - 16 + 5*l**2. Calculate the remainder when 49 is divided by h(-4).
9
Suppose 109*t - 105*t = 868. Calculate the remainder when t is divided by 22.
19
Suppose 0 = -5*k - 64 - 16. What is the remainder when k/2*(-2)/4 is divided by 4?
0
Let g(p) = 5*p + 174. What is the remainder when 564 is divided by g(-27)?
18
Suppose -1 - 3 = m. Let d be (-64)/(-80) - m/(-5). Suppose d = c + 2*x - 6, 2 = 4*c + 3*x - 47. Calculate the remainder when 30 is divided by c.
14
Suppose 88 + 44 = 12*z. Calculate the remainder when 84 is divided by z.
7
Suppose 5 = p + 1. Suppose -3*b = 3*g - 2*g - 904, -b + 304 = g. Suppose 9 = -3*z, 8*z - b = -4*r + p*z. Calculate the remainder when r is divided by 20.
18
Let n(c) = -c**2 - c + 4. Let y be n(0). Suppose -a - 5*m - 7 = -0*m, 4*a + y*m = -12. What is the remainder when 38 is divided by (0 - -10) + (-6)/a?
12
Suppose 0 = -16*v + 13*v + 15. Let z(s) = 7*s - 1. What is the remainder when 100 is divided by z(v)?
32
Let v = -10 + 7. Let t(u) = -u + 8. Let y(s) = s**2 - 2*s + 17. Let g(b) = -9*t(b) + 4*y(b). What is the remainder when g(v) is divided by 10?
9
Suppose -5*p + 17 = -3. Suppose -67 = -4*x + 3*n, 2*n + 32 = p*x - 2*x. What is the remainder when x is divided by 5?
4
Suppose -3*k + 47 = 5*m - 92, 147 = 5*m - k. Calculate the remainder when m is divided by 10.
9
Suppose 5*v = -4*p + 228, -p - 5*v = -3*p + 144. Calculate the remainder when p is divided by 22.
18
Let o = 560 + -306. Suppose -4*v + 0*r - 2*r = -o, r + 307 = 5*v. Calculate the remainder when v is divided by 16.
14
Let n be (-5)/((-15)/(-44))*-3. Suppose 4*f - 3*c = 2*c + n, 5*c = 0. Let u = 1 + 3. Calculate the remainder when f is divided by u.
3
Suppose -5*h = -0*h - 20. Let d(r) = r**3 + 3*r**2 - 5*r - 8. Let c be d(-3). Let k = c - h. Calculate the remainder when k is divided by 1.
0
Suppose -275 = -3*m - 257. Calculate the remainder when 81 is divided by m.
3
Let z = 53 + -17. Let p(f) = 50*f + 509. Let h be p(-10). What is the remainder when 65 is divided by (h/z)/(1/68)?
14
Suppose 41 = r + 16. Let g(p) = p + 5. Let u be g(5). Suppose y = 63 + u. What is the remainder when y is divided by r?
23
Suppose 11 = -2*h + 29. Suppose -3*x + h = -9. Calculate the remainder when 29 is divided by x.
5
Let p = 670 - 610. What is the remainder when p is divided by 26?
8
Let t(d) = 6*d - 1. Let i be t(1). Let f be -5 + 6*70/21. What is the remainder when 47 is divided by f/((12/i)/4)?
22
Let c = -200 - -317. Let t = c + 1. Calculate the remainder when t is divided by 15.
13
Suppose 141 = 4*w - 5*c, w - 49 = -11*c + 15*c. Suppose 2*h - 68 = -4*x, 3*h + 0 = x - 31. What is the remainder when w is divided by x?
10
What is the remainder when 23*2/(-2 + 4) is divided by 5?
3
Let n be 3/(-6)*(-2 + -2). Let k(c) = 2*c**3 - c**2 + 2. Calculate the remainder when 39 is divided by k(n).
11
Let q be (-21 - -21) + (4 - -1). Suppose -v + 73 = -q. Calculate the remainder when v is divided by 40.
38
Let r(l) = l**3 - 5*l**2 + 14*l - 1. Calculate the remainder when r(6) is divided by 15.
14
Let i = -279 + 326. What is the remainder when 183 is divided by i?
42
Suppose 18 = -5*t + 153. Calculate the remainder when t is divided by 15.
12
Suppose 5*p - 2*p = 117. Calculate the remainder when p is divided by 60/5 + 0 + 8.
19
Let f = -134 - -70. Let w = f - -70. What is the remainder when 15 is divided by w?
3
Let t = 4 - -10. Let z(r) = -7*r - 3. Let g(a) = 190*a + 80. Let u(j) = 2*g(j) + 55*z(j). Calculate the remainder when u(-6) is divided by t.
11
Suppose 5*f = 2*f + 135. Let m = f - 23. Suppose n - t + 305 = 312, -4*n = -5*t - 31. What is the remainder when m is divided by n?
2
Let i(n) = -n**2 - 10*n - 1. Let p(t) = -t**3 + 8*t**2 + t - 9. Let w be p(8). Let x(b) = 88*b**2 - b. What is the remainder when x(w) is divided by i(-4)?
20
Suppose w + 134 - 32 = 3*l, l - 3*w = 26. Calculate the remainder when l is divided by 5.
0
Let q(v) = -v + 15. Let c be q(5). Let k be (-12)/15*c/(-4). What is the remainder when 13 is divided by k + 4 + (-1 - -3)?
5
Suppose 34 - 148 = -3*j. Let k(h) = -2 - 8*h + 18*h - 3 - 13*h. Calculate the remainder when j is divided by k(-5).
8
Let m(p) = -21*p + 771. Calculate the remainder when m(16) is divided by 93.
63
Suppose -4*x + 47 + 1 = 0. Suppose -4*l - 112 = -4*i, -5*l + 56 + 60 = 3*i. Calculate the remainder when i is divided by x.
8
Let d(t) = -2*t**2 + 5*t + 13. Let m be d(-5). Let u = -45 - m. What is the remainder when 134 is divided by u?
15
Let m(r) = 2*r + 111. Calculate the remainder when 186 is divided by m(-24).
60
Let a = 750 + -298. Calculate the remainder when a is divided by 65.
62
Let d be ((-2 - -2)/(-4))/1. Suppose -12*y + 7*y + 725 = d. Suppose -2*o - 3*o + y = 0. Calculate the remainder when 114 is divided by o.
27
Calculate the remainder when (6/4)/((-3)/(-44)) is divided by (8/16)/((-3)/(-36)).
4
Let p = 20 - 5. Let z be 1 - ((-150 - -1) + 10 + -6). Let r = -92 + z. Calculate the remainder when r is divided by p.
9
Calculate the remainder when 59 is divided by 0*(-2)/(-8) + 31 + -5.
7
Let h = -814 + 858. What is the remainder when 64 is divided by h?
20
What is the remainder when 6/5*(-14 - -19) + 110 is divided by 15?
11
Suppose 5*n - 10 = 60. Let q = n - 1. Calculate the remainder when q is divided by 8.
5
Let g = 19 - 20. Let u = g + -6. Let q = u - -24. What is the remainder when q is divided by 5?
2
Suppose 4*m + 7*v = 3*v + 32, 0 = 4*m - 2*v - 14. Suppose 43 = m*o + 4*a, 3*o + o - 32 = -2*a. Calculate the remainder when 214/8 + (-2)/(-8) is divided by o.
6
Suppose 1260 = 4